(17).
3128
Let d(h) = 1491*h - 149055. Determine d(101).
1536
Let w(t) = -t**3 - 10*t**2 + 35*t + 97. Determine w(-9).
-299
Let i(t) = 2788*t - 22285. Give i(8).
19
Let f(o) = o**3 - 330*o**2 - 3052*o + 157. Calculate f(-9).
166
Let z(x) = -x**3 - 23*x**2 - 11*x + 6. Determine z(-22).
-236
Let f(i) = -i**2 - 203*i - 756. Give f(-5).
234
Let i(c) = -113*c**2 + 2902*c - 17726. What is i(10)?
-6
Let h(b) = -17*b**3 + 653*b**2 - 268*b + 30. Calculate h(38).
-46
Let v(c) = -c**3 + 54*c**2 - 193*c + 577. Determine v(50).
927
Let v(p) = -p**2 - 1290*p + 911074. Calculate v(507).
-5
Let k(o) = o**3 + 858*o**2 - 8120*o + 2850. Determine k(9).
-3
Let t(s) = 4*s**2 + 4330*s - 124381. What is t(28)?
-5
Let l(n) = 5*n**2 - 313*n + 2331. Calculate l(54).
9
Let i(c) = 10775*c + 161627. What is i(-15)?
2
Let k(t) = -392*t + 3507. What is k(9)?
-21
Let o(m) = m**2 + 2127*m - 1239033. What is o(476)?
-5
Let s(y) = 2*y**3 - 156*y**2 + 1960*y + 354. Give s(16).
-30
Let x(m) = 37577*m - 37583. What is x(1)?
-6
Let i(k) = -500*k + 24765. Determine i(53).
-1735
Let a(h) = -28*h**3 + 1961*h**2 - 78*h + 451. Give a(70).
-109
Let o(b) = 4*b**2 - 51279*b + 256337. What is o(5)?
42
Let h(l) = l**3 - 68*l**2 + 55*l - 1293. Determine h(68).
2447
Let b(s) = -s**3 + 6302*s**2 + 37847*s + 1. Determine b(-6).
7
Let m(i) = 402*i + 55. Calculate m(0).
55
Let a(j) = j**2 - 134826*j - 1213522. Calculate a(-9).
-7
Let j(u) = -12*u**2 - 1058*u + 1058. Determine j(1).
-12
Let t(k) = -5*k**3 + 759*k**2 + 386*k - 35565. Determine t(152).
3
Let p(c) = c**3 + 189*c**2 + 1433*c - 2758. Determine p(-181).
-43
Let t(g) = 12*g**2 + 113*g + 222. Give t(-2).
44
Let i(b) = -b**3 - 38*b**2 + 357*b - 755. Determine i(-46).
-249
Let b(k) = -2998*k - 3678545. Calculate b(-1227).
1
Let v(a) = -20*a**2 - 390*a + 1355. Calculate v(3).
5
Let r(g) = -g**3 + 59*g**2 + 51*g + 786. Give r(60).
246
Let c(i) = 92*i**3 - 47679*i**2 + 11915*i - 582. Calculate c(518).
-64
Let y(z) = -194*z + 32007. Calculate y(165).
-3
Let b(c) = -161*c**2 - 100*c + 37. What is b(-2)?
-407
Let n(g) = g**3 - 5*g**2 - 2127*g + 10618. Calculate n(5).
-17
Let g(r) = -4576*r - 4292. Calculate g(-1).
284
Let h(j) = 2*j**2 - 749*j + 14156. Determine h(20).
-24
Let o(q) = 58530*q - 292711. What is o(5)?
-61
Let v(y) = -51*y**2 + 441*y - 193. Calculate v(8).
71
Let m(o) = -171*o + 797. Give m(29).
-4162
Let o(v) = -263*v + 13013. Calculate o(48).
389
Let u(r) = -166*r + 4869. Give u(30).
-111
Let x(q) = -q**2 - 1027*q + 15586. Determine x(15).
-44
Let q(k) = 3*k**2 - 101*k + 750. Calculate q(12).
-30
Let d(u) = u**3 - 27*u**2 + 237*u - 6401. Determine d(27).
-2
Let y(d) = -723*d + 18746. What is y(26)?
-52
Let g(s) = 6*s**3 + 357*s**2 + 4410*s + 2. Determine g(-42).
2
Let g(p) = 325*p**2 + 25690*p + 1194. Calculate g(-79).
9
Let i(d) = -23*d**2 - 2108*d - 2104. Calculate i(-1).
-19
Let c(k) = -566*k + 62772. Determine c(105).
3342
Let r(k) = 2*k**2 + 50*k + 1373. Calculate r(-47).
3441
Let u(g) = 10*g**3 + 90*g**2 + 165*g + 570. Determine u(-7).
395
Let h(s) = 6*s**2 - 7*s - 92. What is h(-2)?
-54
Let l(n) = 1094*n + 24982. Give l(-22).
914
Let t(n) = 267*n**3 + 35*n**2 + 77*n + 8. What is t(-2)?
-2142
Let l(r) = -24*r**3 - 70*r**2 + 10*r + 7. Determine l(-3).
-5
Let d(g) = -4*g**3 + g**2 - 29443*g - 29446. Calculate d(-1).
2
Let t(n) = -974*n - 53319. What is t(-55)?
251
Let q(z) = 57*z**2 + 2739*z + 189. Give q(-48).
45
Let c(b) = -9247*b**2 - 9251*b - 7. Determine c(-1).
-3
Let f(t) = -2*t**2 + 960*t + 33845. Give f(513).
-13
Let k(u) = u**3 + 20*u**2 - 508*u + 42. Determine k(-34).
1130
Let j(q) = -1171*q + 874728. What is j(747)?
-9
Let i(u) = u**3 + 5*u**2 - 21*u - 20. Determine i(-8).
-44
Let w(h) = 15*h**2 + 2888*h + 24783. What is w(-9)?
6
Let t(k) = 56*k**2 - 383*k - 92. What is t(7)?
-29
Let n(z) = 3*z**2 + 21*z - 27456. Calculate n(92).
-132
Let l(f) = -13*f**3 + 8525*f**2 + 1965*f + 1841. Give l(656).
-127
Let m(l) = -1512*l + 409741. Give m(271).
-11
Let x(o) = o**2 + 6*o - 13167. Give x(-106).
-2567
Let k(o) = 4*o**2 - 5395*o - 32498. Calculate k(-6).
16
Let j(n) = -2*n**2 - 3048*n + 15288. Calculate j(-1529).
-2
Let a(v) = -63*v**2 - 89*v + 456. What is a(7)?
-3254
Let z(o) = -o**3 + 82*o**2 + 96*o - 7527. What is z(82)?
345
Let i(u) = -98*u**2 + 10674*u + 865. What is i(109)?
-7
Let s(q) = q**3 - 27*q**2 - 254*q + 2992. What is s(32)?
-16
Let a(r) = -r**3 - 32*r**2 - 180*r - 3778. Determine a(-20).
-4978
Let d(v) = 19*v**3 - 2*v**2 - 5*v + 6. Give d(-2).
-144
Let c(o) = o**2 - 129080*o - 1807312. What is c(-14)?
4
Let s(i) = -294*i**2 + 12067*i + 324. Calculate s(41).
857
Let i(y) = 2*y**2 + 214*y - 1524. What is i(-100)?
-2924
Let i(l) = -8*l**2 + 32*l - 91. Calculate i(11).
-707
Let p(a) = -459*a - 5830. What is p(-14)?
596
Let m(s) = -s**3 - 208*s**2 - 270*s - 13201. Calculate m(-207).
-160
Let v(a) = 23923*a - 2535815. What is v(106)?
23
Let w(j) = -16*j - 1323. Give w(-83).
5
Let l(c) = -1863*c**2 + 7412*c + 109. What is l(4)?
-51
Let o(c) = -11*c**3 - 60*c**2 + 335*c + 1720. Calculate o(-6).
-74
Let f(c) = 1044608*c - 4. Give f(0).
-4
Let q(b) = -3417*b + 813254. Calculate q(238).
8
Let l(f) = 29*f + 3956. What is l(-138)?
-46
Let p(s) = -27*s**2 + 310*s - 938. Calculate p(3).
-251
Let d(k) = -4007*k + 48080. Give d(12).
-4
Let k(z) = z**2 + 214*z - 51166. What is k(-357)?
-115
Let n(k) = -2*k**3 - 11*k**2 - 14029*k - 56064. Calculate n(-4).
4
Let s(w) = -66*w - 1897. Determine s(-20).
-577
Let z(m) = -m**3 + 38*m**2 - 107*m + 2625. What is z(37)?
35
Let q(w) = -2384*w - 1857183. What is q(-779)?
-47
Let a(v) = -194*v - 10480. What is a(-54)?
-4
Let z(u) = 21*u**2 - 192*u + 158. Calculate z(8).
-34
Let m(r) = -1117*r + 66981. Calculate m(60).
-39
Let p(c) = -4*c**2 - 4994*c + 168600. Give p(33).
-558
Let u(i) = 124*i**2 + 24*i + 11. What is u(-2)?
459
Let d(i) = -55*i**2 - 87*i - 18. Calculate d(5).
-1828
Let p(w) = 871*w - 101911. Give p(117).
-4
Let s(u) = 569*u + 148067. Calculate s(-261).
-442
Let a(l) = -2*l**2 + 21*l + 5986. What is a(58)?
476
Let y(c) = c**3 - 8*c**2 - 353*c + 508. Give y(-16).
12
Let k(x) = -2*x**2 + 558*x - 36324. Calculate k(108).
612
Let h(u) = 352*u**2 + 19092*u + 4537. Determine h(-54).
1
Let u(x) = -54*x + 5738. Determine u(106).
14
Let p(w) = 2*w**3 - 2*w**2 - 211*w + 911. What is p(6)?
5
Let z(d) = -77*d - 541. Calculate z(12).
-1465
Let g(c) = -c**3 - 190*c**2 + 742*c - 6590. Determine g(-194).
6
Let p(u) = 2*u**2 + 14286*u - 85638. What is p(6)?
150
Let z(r) = 1334*r - 46463. Determine z(35).
227
Let k(u) = 1234*u**2 + 8750*u - 23. Give k(-7).
-807
Let d(w) = -7*w**2 - 20*w - 459. Determine d(-25).
-4334
Let d(q) = -157*q**2 - 1409*q + 19. Calculate d(-9).
-17
Let z(v) = 10991*v**2 + 66157*v + 9. Determine z(-6).
-1257
Let p(u) = -u**3 + 1097*u**2 - 5330*u - 651. Determine p(5).
-1
Let g(y) = -y**3 - 4752*y**2 - 1858460*y - 7. Give g(-430).
-7
Let m(n) = -n**3 + 98*n**2 - 2348*n - 242. Determine m(56).
-18
Let d(f) = 2*f**2 + 50*f - 8223. Give d(53).
45
Let j(s) = -92*s + 3796. Determine j(36).
484
Let g(m) = 24*m**2 - 916*m + 302. Give g(38).
150
Let h(q) = -383883*q - 3838832. Determine h(-10).
-2
Let q(h) = -3*h**3 - 56*h**2 + 39*h + 206. Determine q(-5).
-1014
Let j(n) = 2195*n + 101195. Calculate j(-46).
225
Let w(p) = -496*p - 9091. What is w(-19)?
333
Let i(f) = -126*f**2 - 3921*f - 414. Determine i(-31).
51
Let h(d) = 3994*d - 7991. Calculate h(2).
-3
Let u(n) = 1595*n - 97. Determine u(0).
-97
Let n(s) = -253*s**3 - 3*s**2 + 40*s + 44. Determine n(-1).
254
Let l(c) = 6*c**2 - 9535*c + 1265504. Give l(1443).
-7
Let m(v) = -3*v**2 + 237*v + 1440. Calculate m(86).
-366
Let o(d) = 103*d**3 + 25234*d**2 - 287*d - 10236. What is o(-245)?
54
Let g(u) = -136*u - 9141. What is g(-67)?
-29
Let v(n) = n**2 - 20*n - 26969. What is v(-157)?
820
Let s(y) = 3*y**3 + 23*y**2 - 140*y - 1098. Determine s(-7).
-20
Let x(k) = k**3 - 26*k**2 - 118*k + 4344. What is x(23)?
43
Let t(f) = -3078*f + 230826. Determine t(75).
-24
Let v(d) = -d**3 + 83*d**2 - 31*d - 134. Determine v(82).
4048
Let y(s) = -67*s**2 + 6301*s - 12610. Give y(92).
-6
Let h(v) = 67*v**2 + 1194*v - 1533. What is h(-19)?
-32
Let m(p) = p**3 + 13*p**2 + 332*p + 4324. Give m(-13).
8
Let o(p) = -5*p**2 + 11*p + 397. Calcu